?
10
Let u(r) = r - 13. Let p = 252 + -147. Let d = -96 + p. Calculate u(d).
-4
Let h(z) = 6*z**2 - 9*z + 10. Let u be h(4). Let j = -70 + u. Let x(n) = 28*n**2 - 27*n**2 - 1 + 2*n + j. Give x(-4).
7
Suppose 174 = -54*n - 582. Let o(s) = -s**3 - 14*s**2 - 18. Determine o(n).
-18
Let g(k) = -3 - k - 2 - 2 + 6. Let h(x) = -x**2 + 12*x - 35. Let d be ((-36)/10)/(2/(-5)). Let w be h(d). Give g(w).
7
Let a = 6593 - 6619. Let f(u) = u**3 + 26*u**2 + 21. Calculate f(a).
21
Let p(u) = -u**2 - u - 4. Let s = 9 - -7. Suppose -s - 14 = -10*o. Suppose m - o = -3*r, 0 = -4*r + 3*r + 1. Determine p(m).
-4
Let p(f) = 5*f + 120. Let n be p(-24). Suppose n = -v - 278 + 275. Let t(o) = 2*o**2 + 4. What is t(v)?
22
Let l(k) = -2. Let c(r) = -7*r + 26. Let a be c(3). Let i(z) = 3 + a - 6 + 1 - z. Let h(q) = 3*i(q) + 4*l(q). Calculate h(-1).
4
Suppose 6*g + 6 = -0*g. Let v(r) = 19*r + 121 - 122 - 14*r. Determine v(g).
-6
Let p(j) = j**3 - 28*j**2 - j + 30. Let f be p(28). Let y(a) = -a - 16. Let h be y(-20). Let n(c) = h + 11*c**2 - 11*c**f + 8*c + c**2. What is n(-8)?
4
Let t be (-36)/(-9) + 0 + -1. Suppose 4 = -4*x + 4*s + 28, -t*x = 4*s + 3. Let z(n) = n**2 + n + 4. Calculate z(x).
16
Let h(m) be the second derivative of -m**7/2520 - m**6/144 - m**5/24 + 9*m**4/4 + 2*m**3/3 + 271*m. Let o(c) be the third derivative of h(c). What is o(-7)?
-19
Let m(u) = 3. Let t(j) = j - 5. Let f(c) = -3*m(c) + 3*t(c). Suppose 281*w - 285*w = 3*d - 18, 5*d + 3*w = 30. What is f(d)?
-6
Let f(x) be the third derivative of -3*x**2 + 0 - 1/3*x**3 - 129*x - 5/24*x**4 + 0*x**5 + 1/120*x**6. Suppose -5 = 4*g + 7. Calculate f(g).
-14
Let g(p) = -18*p - 141 + 141. Suppose 3*k + s - 2*s = -10, 2*k + s = -5. Let j(x) = 10*x. Let v(u) = k*g(u) - 5*j(u). Determine v(-1).
-4
Let m be (-5194)/(-159)*(-12)/(-14). Suppose -5*b - 40 = -3*x, 3*x + 4*b - 3*b = m. Let j(p) = -3*p + 11. Give j(x).
-19
Let k(l) = -l**2 + 3*l + 2. Suppose -11*w = 35*w - 569 + 431. Give k(w).
2
Suppose 39 = 9*n + 21. Suppose -n*m = -4*m - h - 11, -3*m - 4*h = 29. Let c(v) = -v - 1. Give c(m).
2
Let y(a) = 11*a**2 - 2*a - 10. Let v be y(2). Suppose -2*x - v = -34. Let l(w) = w**3 - 4*w**2 + 3*w - 2. Calculate l(x).
-4
Let y(b) be the first derivative of -2*b**2 - 20*b - 46. Let w be y(-4). Let v = -5 - w. Let o(a) = 10*a**3 - 2*a**2 - a. Determine o(v).
-11
Suppose 0 = 4*p + x + 3, 5*p - x - 2*x + 25 = 0. Let u(s) be the first derivative of 2*s**3/3 + 3*s**2/2 + 17976. Give u(p).
2
Let c = 7731 + -7725. Let h(n) = -47*n + 277. Calculate h(c).
-5
Let r(q) = 2*q - 6. Suppose 4*i = 5*i - 2, 0 = 4*v - 5*i - 246. Let f = -60 + v. Calculate r(f).
2
Let a(g) = 8*g**2 - g + 5. Let n(z) = -57*z**2 + 6*z - 36. Let x(h) = 15*a(h) + 2*n(h). Let o(f) = 11937*f - 11935. Let s be o(1). What is x(s)?
21
Let d(z) = 4*z**3 - 23*z**2 + 4*z + 10. Suppose 70*i - 173*i + 1314 = 116*i. What is d(i)?
70
Let n(q) be the third derivative of q**6/120 - q**4/24 + 9*q**2. Suppose 3*u + 9 = -3*x - 0, 4 = -2*x. Calculate n(u).
0
Let k(x) be the third derivative of 5/3*x**3 + 1/5*x**5 - 1/120*x**6 - 65*x**2 + 0 - 1/24*x**4 + 0*x. Give k(12).
-2
Let c(s) be the first derivative of 1/12*s**4 - 4*s - 26 - 7/6*s**3 + 3*s**2. Let j(n) be the first derivative of c(n). Calculate j(4).
-6
Let t = 568 - 565. Let z(b) be the first derivative of -b**2/2 + 4*b - 9. What is z(t)?
1
Let d(t) be the second derivative of t**3/3 - 23*t**2/2 + 19*t - 81. Suppose -2*n = 2*r - 14, -4*n - 3*r + 2*r = -37. Calculate d(n).
-3
Suppose -2*j + 7 = a, -7*a + 2*j - 1 = -2*a. Let l(n) = 11*n**2 + 3*n**2 + 7*n**2 - n - 17*n**2. What is l(a)?
3
Let u(n) be the first derivative of 5*n**2/2 + n - 138. Let g(c) = 5*c + 1. Let t(b) = -2*g(b) + 3*u(b). Calculate t(1).
6
Let s(l) = -3*l. Let m(n) = 3*n + 1. Let z(j) = 3*m(j) + 2*s(j). Suppose -3*i + 26 = q, 3*i + 4*q - 34 = -2. Let o be 2/i + ((-245)/(-28) - 6). What is z(o)?
12
Let v(w) = -3*w**3 + 6*w**2 - 5*w - 13. Let u(k) = -8*k**3 + 18*k**2 - 13*k - 38. Let o(a) = -4*u(a) + 11*v(a). What is o(-3)?
-9
Suppose 0 = -4*o + 2*q + 64, -19*q - 86 = -5*o - 18*q. Suppose -o*f - 28 = 44. Let p(t) = t - 8. What is p(f)?
-12
Suppose -1445 + 381 = -7*c. Suppose 0 = 147*o - c*o + 40. Let x(d) = d**2 - 7*d - 9. Calculate x(o).
-1
Let n = 1635 + -1635. Let z(k) be the first derivative of -5 + 1/2*k**2 - 9*k + 1/3*k**3. Calculate z(n).
-9
Let h(g) = -g**2 - 14*g - 30. Let w(a) = -2*a**2 - a + 6. Let v be w(-3). Give h(v).
15
Let t(a) be the second derivative of a**4/12 + 3*a**3/2 + 9*a**2/2 - 25*a. Let i = 13 - 20. Let k = -1 + i. Give t(k).
1
Let c(a) = -12*a - 80. Let x be c(18). Let v = -307 - x. Let m(t) = -t**2 - 9*t + 10. What is m(v)?
-12
Let y(g) = 2*g**3 - 3*g**2 - 9*g - 7. Let n(m) be the first derivative of -m**4/4 + m**2/2 + m - 80. Let l(o) = 6*n(o) + y(o). What is l(-2)?
25
Let w(k) = 2*k**3 - 6*k**2 + 3*k. Let u be (-6 - -5)/((-1)/(-1)) - -64. Let o = u - 60. Calculate w(o).
9
Let r be (-18 - 2)*(-6 + (-126)/(-24)). Let t(w) = w**2 - 263*w + 1 + r*w**3 + 0*w**2 + 264*w. Give t(-1).
-14
Let o(j) = j**2 + 2. Let m be o(0). Let p(a) = 2*a + 2*a**2 + a**2 + 2 - 7*a**2 + 39*a**3 - 40*a**3. What is p(m)?
-18
Let k = -14 + 8. Let r = -3 + k. Let d(x) be the first derivative of -x**4/4 - 8*x**3/3 + 9*x**2/2 + 5*x + 21213. Determine d(r).
5
Let a(l) = 291 + 288 - 542 + 36*l. Give a(-1).
1
Let l(d) = 0*d**2 - 4*d - 4*d**2 + 6 + d**3 - 2*d**2. Let x be 474/(-42) - -9 - 2/(-7). Let j(y) = 13*y + 32. Let t be j(x). Calculate l(t).
-18
Let p(l) = 2*l + 31. Suppose -24*y + 3*c = -28*y + 72, 0 = -3*y - 3*c + 57. What is p(y)?
61
Let w(y) = y**3 - 2*y - 168*y**2 - 5*y + 163*y**2 - 6. Let p(k) = k**3 + 8*k**2 - 2*k - 10. Let s be p(-8). Give w(s).
-12
Let f(v) = v**3 + 14*v**2 + 15*v + 2. Let y be ((-13)/(-2))/(229/(-458)). Calculate f(y).
-24
Let d = 23 + -24. Let l(w) be the first derivative of 3*w**3 + w**2/2 + w + 2872. Give l(d).
9
Let w be ((-330)/(-25) - -2)*5. Let u be (w/(-20) + 3)*75/10. Let j(x) = 2*x**2 + 10*x + 6. Calculate j(u).
18
Suppose -i + 223 - 220 = 0. Let s(z) be the second derivative of -z**3 - 5*z**2/2 + 4*z. Let g(b) = 3*b + 3. Let u(w) = 5*g(w) + 3*s(w). Calculate u(i).
-9
Let t(v) = -v - 14. Suppose -6*j + 1600 = -79*j + 23*j. Give t(j).
18
Let x be (-8)/20 + (216/(-5))/(-3). Suppose -3 = -15*t + x*t. Suppose -t*d = 11 + 22. Let y(r) = r**2 + 12*r + 14. Give y(d).
3
Let b(c) = -2*c - 2. Let f(x) be the third derivative of -x**6/120 + x**5/60 + x**4/8 + 2*x**3/3 + 58*x**2. Let h be f(3). Give b(h).
8
Let q(m) = 421 + 22*m - 420 - 57*m + 28*m. Let w be (-1 + (-6)/2)*-1. Calculate q(w).
-27
Let s(m) = 6*m**3 + 33*m**2 - 17*m + 8. Let d be s(-6). Suppose -2*l + 7 + 2 = -h, 13 = -d*h + 3*l. Let n(p) = -2*p**3 - p**2 + 3*p - 2. Give n(h).
-2
Suppose -39*m = -15*m - 144. Let f(n) be the third derivative of -1/24*n**4 + 13/6*n**3 - 4*n**2 + 0*n + 0. What is f(m)?
7
Let q = 4126 + -992. Let t(m) = m**2 + 13*m - 3134 + q. Calculate t(-13).
0
Let i(d) = 6*d**2 - 19*d + 15. Let c(h) = -5*h**2 + 16*h - 13. Let g(p) = 7*c(p) + 6*i(p). Calculate g(4).
7
Let j(u) = -28*u - 67. Let p(b) = 9*b + 14. Let d(w) = -2*j(w) - 7*p(w). Determine d(5).
1
Let p(w) be the third derivative of 0*w + 1/60*w**5 + 0*w**4 + 1/6*w**3 + 0 + 23*w**2. Let f(s) = -6*s**2 - 5*s - 2. Let i(a) = f(a) + 5*p(a). Calculate i(-7).
-11
Let q(j) = -j**2 - 12*j + 4. Let n(h) = h**2 - h + 1. Let s(i) = -3*n(i) + q(i). Let r(o) = -7*o**2 - 17*o. Let a(v) = 3*r(v) - 5*s(v). Calculate a(-6).
-5
Let w(p) = 5*p - 22. Let l(i) = -22. Let b(z) = -4*l(z) + 3*w(z). Determine b(-2).
-8
Let t(v) = 123*v**2 + 21*v + 1. Let n(x) = -46*x**2 - 7*x. Let o(u) = -8*n(u) - 3*t(u). Let f(q) = -q**3 - 4*q**2 + 7*q + 4. Let h be f(-5). Determine o(h).
3
Let z(c) be the first derivative of -c**3/3 - 5*c**2 - 10*c + 514. Suppose -4*d + 11 = -w + 4, d = 0. Calculate z(w).
11
Let u(c) = c**2 + 10*c + 3. Let y(i) = 3*i - 4. Let l(j) = j - 1. Let z(m) = -21*l(m) + 6*y(m). Let f be z(2). Calculate u(f).
-6
Let n be 24/64 - (-59)/(-8). Let k be (-50)/25 - (n - -2). Let v(g) = -5*g + 11. Let m(b) = 3*b - 5. Let h(y) = -5*m(y) - 2*v(y). Determine h(k).
-12
Let j(y) = 12*y**2 + 9*y - 20. Let z(o) = 4*o**2 + o - 7. Let i(t) = -3*t**2 + 6. Let q(d) = -3*i(d) - 4*z(d). Let v(u) = 3*j(u) + 5*q(u). What is 